number?
False
Is 51811 prime?
False
Is 860618503 composite?
False
Is 11874749 composite?
True
Is 37841783 composite?
True
Is 17385971 a prime number?
True
Is 21473953 composite?
False
Is 20853083 prime?
True
Is 6966419 composite?
False
Is 35092067 a composite number?
False
Is 214940227 a composite number?
False
Is 16464005 prime?
False
Is 6215141 composite?
False
Is 797609 prime?
False
Is 89442547 composite?
True
Is 47540023 a composite number?
True
Is 34472623 composite?
False
Is 14475157 a composite number?
False
Is 856969 prime?
True
Is 182557 a prime number?
False
Is 69311453 composite?
True
Is 11427517 composite?
False
Is 5081707 a composite number?
False
Is 9658843 composite?
True
Is 179139367 prime?
False
Is 323053 a prime number?
True
Is 209249 a composite number?
False
Is 738841 prime?
False
Is 11787873 prime?
False
Is 6757609 prime?
False
Is 15872693 a prime number?
False
Is 44762677 a composite number?
True
Is 258157 a composite number?
False
Is 4477253 a composite number?
True
Is 8512421 prime?
True
Is 51451111 composite?
False
Is 1056746 composite?
True
Is 12543231 composite?
True
Is 84894811 composite?
True
Is 1633057 prime?
True
Is 1817511 prime?
False
Is 11470003 composite?
False
Is 8063063 a composite number?
True
Is 8073431 a composite number?
False
Is 196249709 a prime number?
True
Is 16409083 prime?
True
Is 8362313 composite?
True
Is 194239 a composite number?
False
Is 21661681 a composite number?
False
Is 80855497 a composite number?
False
Is 791077 a composite number?
True
Is 544109 a prime number?
True
Is 55481681 a composite number?
True
Is 22525018 prime?
False
Is 332561 a prime number?
True
Is 543539 prime?
True
Is 1120391 prime?
True
Is 27666721 prime?
True
Is 73937 a prime number?
False
Is 1681786027 a composite number?
True
Is 482475319 composite?
True
Is 33081053 a prime number?
True
Is 14781763 a prime number?
True
Is 18520039 prime?
False
Is 500737 prime?
False
Is 34350763 a composite number?
True
Is 1607349 a composite number?
True
Is 16868533 a prime number?
False
Is 2311003 a prime number?
False
Is 579292427 a prime number?
False
Is 98752361 a prime number?
True
Is 1662859 a prime number?
False
Is 15274253 a prime number?
True
Is 49833393 a composite number?
True
Is 2020805 composite?
True
Is 19302033 a composite number?
True
Is 432895 a composite number?
True
Is 185807 a prime number?
False
Is 38600939 prime?
False
Is 26335067 a composite number?
True
Is 393361 a composite number?
False
Is 413203 a composite number?
True
Is 21810109 prime?
True
Is 6257423 composite?
True
Is 123663889 a composite number?
False
Is 8928307 a prime number?
False
Is 7573087 a prime number?
True
Is 86954041 prime?
False
Is 195534299 a composite number?
True
Is 491131783 prime?
True
Is 1520531 prime?
False
Is 2189543 a prime number?
True
Is 21058259 a composite number?
False
Is 3857687 composite?
True
Is 2431029 prime?
False
Is 1133219 composite?
False
Is 25699657 prime?
False
Is 419451751 a composite number?
False
Is 1169063 prime?
False
Is 258841 prime?
False
Is 20329579 a prime number?
False
Is 3144649 a composite number?
True
Is 3841499 prime?
True
Is 1988023 a prime number?
True
Is 34609207 a composite number?
True
Is 5265173 a composite number?
True
Is 24064423 a composite number?
True
Is 12840859 a composite number?
False
Is 241043821 prime?
True
Is 1069865 composite?
True
Is 34198831 a prime number?
True
Is 10100323 a composite number?
True
Is 86578963 a composite number?
True
Is 818611 a prime number?
False
Is 218587279 a prime number?
True
Is 5524823 a composite number?
False
Is 4004359 prime?
True
Is 43078049 composite?
True
Is 270185479 a prime number?
True
Is 10266541 composite?
False
Is 4277233 a prime number?
False
Is 2514979 a prime number?
False
Is 2644613 prime?
True
Is 5253587 prime?
True
Is 415539379 prime?
True
Is 2163787 a prime number?
True
Is 964417 prime?
True
Is 38621419 composite?
True
Is 5996759 a composite number?
False
Is 23826457 a prime number?
False
Is 130399 composite?
False
Is 184057 a prime number?
True
Is 290075953 prime?
False
Is 508863239 a prime number?
True
Is 3006750965 prime?
False
Is 2285148661 a composite number?
False
Is 79681 a prime number?
False
Is 7056421 a prime number?
True
Is 261041161 composite?
True
Is 10785917 a prime number?
False
Is 26624849 composite?
False
Is 23789497 a prime number?
True
Is 233426701 composite?
True
Is 48748909 prime?
False
Is 298605677 a prime number?
True
Is 1196177 a composite number?
False
Is 7573421 composite?
True
Is 969953 prime?
False
Is 28765577 a prime number?
False
Is 6138113 prime?
True
Is 134014849 composite?
True
Is 5540023 composite?
False
Is 7657273 a composite number?
True
Is 1759129 prime?
True
Is 459377 a composite number?
False
Is 45704843 a composite number?
False
Is 9071563 prime?
True
Is 2353049 prime?
True
Is 1536569 composite?
True
Is 7030501 composite?
False
Is 99089363 prime?
True
Is 308419939 prime?
False
Is 21212941 composite?
False
Is 1071401 a composite number?
False
Is 78171413 prime?
False
Is 493880489 prime?
True
Is 67784207 composite?
True
Is 11994989 prime?
False
Is 6154705 prime?
False
Is 71349371 composite?
False
Is 60948437 a composite number?
True
Is 634785715 composite?
True
Is 264535439 a prime number?
False
Is 1789841 a prime number?
False
Is 71030717 prime?
False
Is 1829159 composite?
True
Is 41279143 a prime number?
False
Is 61435193 a prime number?
False
Is 41561621 a prime number?
False
Is 39917587 prime?
True
Is 268033 a prime number?
False
Is 9787247 a composite number?
True
Is 32397373 a composite number?
False
Is 14496347 a prime number?
True
Is 32754961 prime?
True
Is 64674254 prime?
False
Is 1004797 a prime number?
True
Is 466321 prime?
True
Is 766370371 a composite number?
True
Is 129628237 a prime number?
True
Is 138700703 prime?
False
Is 241057189 composite?
False
Is 1842011 a prime number?
True
Is 540417541 a prime number?
True
Is 32320105 prime?
False
Is 39756683 composite?
True
Is 238751371 composite?
False
Is 1648856311 prime?
True
Is 1272437 prime?
False
Is 1375901 prime?
True
Is 305606951 a prime number?
False
Is 7555949 a prime number?
False
Is 10151939 prime?
False
Is 196780543 composite?
False
Is 4074209 composite?
False
Is 289466435 prime?
False
Is 98307917 a prime number?
True
Is 189061 a prime number?
True
Is 3231539 prime?
False
Is 830233 prime?
True
Is 77797 prime?
True
Is 223368217 a prime number?
True
Is 16017689 prime?
False
Is 42019591 a prime number?
True
Is 5966097 a composite number?
True
Is 20345329 a prime number?
False
Is 701398297 composite?
False
Is 16059763 a prime number?
False
Is 1230083 a composite number?
True
Is 11876453 a composite number?
False
Is 4602481 a prime number?
False
Is 4678358 a composite number?
True
Is 253980589 a composite number?
True
Is 48315541 prime?
True
Is 31279163 a prime number?
True
Is 847753799 prime?
False
Is 41881537 a composite number?
False
Is 487452697 prime?
True
Is 127576623 prime?
False
Is 2131067 composite?
True
Is 41040719 composite?
False
Is 1061807983 prime?
False
Is 5245873 composite?
False
Is 1176571 composite?
True
Is 4053607 composite?
False
Is 634141 a prime number?
True
Is 37112653 a composite number?
True
Is 1635960979 composite?
False
Is 15272767 prime?
True
Is 27168749 prime?
True
Is 1848103 a prime number?
True
Is 2396411 a composite number?
False
Is 43362497 composite?
False
Is 18424363 prime?
True
Is 125510933 a prime number?
False
Is 26811119 prime?
False
Is 66678779 a composite number?
False
Is 4058423 composite?
False
Is 932009 prime?
False
Is 4663079 composite?
False
Is 2943877 a composite number?
True
Is 46935763 prime?
False
Is 1829257 composite?
False
Is 6758651 prime?
False
Is 92069599 a composite number?
False
Is 960097 a composite number?
True
Is 118127 a composite number?
False
Is 3956279 prime?
True
Is 142661 composite?
True
Is 414311 a prime number?
True
Is 1737357 prime?
False
Is 87891677 prime?
True
Is 406870001 composite?
False
Is 89535721 prime?
False
Is 57755123 prime?
False
Is 15353609 prime?
True
Is 294941 prime?
False
Is 714673 composite?
False
Is 35670059 a composite number?
False
Is 16144127 composite?
False
Is 44297263 composite?
True
Is 115705589 prime?
False
Is 11811493 a composite number?